{"id":600,"date":"2015-01-25T12:00:31","date_gmt":"2015-01-25T11:00:31","guid":{"rendered":"https:\/\/www.slogi.si\/publikacija\/fotografski-portret-stefke-drolc\/"},"modified":"2024-01-20T14:04:53","modified_gmt":"2024-01-20T13:04:53","slug":"photographic-portrait-of-stefka-drolc-2","status":"publish","type":"publikacija","link":"https:\/\/www.slogi.si\/en\/publikacije\/fotografski-portret-stefke-drolc\/","title":{"rendered":"Photographic portrait of \u0160tefka Drolc"},"content":{"rendered":"<p>Leta 2015 je SLOGI naro\u010dil Marku Modicu, da fotografira vse \u017eive\u010de dobitnice in dobitnike Bor\u0161tnikovega prstana. Od takrat zbirko vsako leto dopolnjujemo. Fotografije je posnel oz. jih snema na pogovorih z nagrajenci, ki potekajo v SLOGI, nekatere portrete pa je posnel pri nagrajencih doma. Nekatere fotografije so bile razstavljene v okviru projekta Gremo na Bor\u0161tnika! (in razstave na MK RS) leta 2015.<\/p>\n<p>&nbsp;<\/p>\n<p>[av_button label=&#8217;Vstopi v zbirko&#8217; link=&#8217;manually,http:\/\/museums.eu\/collection\/object\/262692\/stefka-drolc&#8217; link_target=&#8217;_blank&#8217; size=&#8217;small&#8217; position=&#8217;left&#8217; label_display=&#8221; icon_select=&#8217;no&#8217; icon=&#8217;ue800&#8242; font=&#8217;entypo-fontello&#8217; color=&#8217;theme-color&#8217; custom_bg=&#8217;#444444&#8242; custom_font=&#8217;#ffffff&#8217; av_uid=&#8221; custom_class=&#8221; admin_preview_bg=&#8221;]<\/p>\n","protected":false},"excerpt":{"rendered":"<p>Leta 2015 je SLOGI naro\u010dil Marku Modicu, da fotografira vse \u017eive\u010de dobitnice in dobitnike Bor\u0161tnikovega prstana. Od takrat zbirko vsako leto dopolnjujemo. Fotografije je posnel oz. jih snema na pogovorih z nagrajenci, ki potekajo v SLOGI, nekatere portrete pa je posnel pri nagrajencih doma. Nekatere fotografije so bile razstavljene v okviru projekta Gremo na Bor\u0161tnika! &#8230;<\/p>","protected":false},"author":3,"featured_media":3334,"template":"","categories":[12],"tags":[],"avtor":[],"izpostavljamo":[],"letnik":[241],"naslov":[],"prevajalec":[],"zbirka":[],"class_list":["post-600","publikacija","type-publikacija","status-publish","has-post-thumbnail","hentry","category-ikonoteka","letnik-241"],"acf":[],"yoast_head":"<!-- This site is optimized with the Yoast SEO plugin v27.5 - https:\/\/yoast.com\/product\/yoast-seo-wordpress\/ -->\n<title>Fotografski portret \u0160tefke Drolc - SLOGI<\/title>\n<meta name=\"description\" content=\"Leta 2015 je SLOGI naro\u010dil Marku Modicu, da fotografira vse \u017eive\u010de dobitnice in dobitnike Bor\u0161tnikovega prstana. Od takrat zbirko vsako leto ...\" \/>\n<meta name=\"robots\" content=\"index, follow, max-snippet:-1, max-image-preview:large, max-video-preview:-1\" \/>\n<link rel=\"canonical\" href=\"https:\/\/www.slogi.si\/en\/publications\/photographic-portrait-of-stefka-drolc-2\/\" \/>\n<meta property=\"og:locale\" content=\"en_GB\" \/>\n<meta property=\"og:type\" content=\"article\" \/>\n<meta property=\"og:title\" content=\"Fotografski portret \u0160tefke Drolc - SLOGI\" \/>\n<meta property=\"og:description\" content=\"Leta 2015 je SLOGI naro\u010dil Marku Modicu, da fotografira vse \u017eive\u010de dobitnice in dobitnike Bor\u0161tnikovega prstana. Od takrat zbirko vsako leto ...\" \/>\n<meta property=\"og:url\" content=\"https:\/\/www.slogi.si\/en\/publications\/photographic-portrait-of-stefka-drolc-2\/\" \/>\n<meta property=\"og:site_name\" content=\"SLOGI\" \/>\n<meta property=\"article:modified_time\" content=\"2024-01-20T13:04:53+00:00\" \/>\n<meta property=\"og:image\" content=\"https:\/\/www.slogi.si\/wp-content\/uploads\/2024\/01\/Stefka_Drolc.jpg\" \/>\n\t<meta property=\"og:image:width\" content=\"500\" \/>\n\t<meta property=\"og:image:height\" content=\"500\" \/>\n\t<meta property=\"og:image:type\" content=\"image\/jpeg\" \/>\n<meta name=\"twitter:card\" content=\"summary_large_image\" \/>\n<meta name=\"twitter:label1\" content=\"Estimated reading time\" \/>\n\t<meta name=\"twitter:data1\" content=\"1 minute\" \/>\n<script type=\"application\/ld+json\" class=\"yoast-schema-graph\">{\"@context\":\"https:\\\/\\\/schema.org\",\"@graph\":[{\"@type\":\"WebPage\",\"@id\":\"https:\\\/\\\/www.slogi.si\\\/publikacije\\\/fotografski-portret-stefke-drolc\\\/\",\"url\":\"https:\\\/\\\/www.slogi.si\\\/publikacije\\\/fotografski-portret-stefke-drolc\\\/\",\"name\":\"Fotografski portret \u0160tefke Drolc - SLOGI\",\"isPartOf\":{\"@id\":\"https:\\\/\\\/www.slogi.si\\\/#website\"},\"primaryImageOfPage\":{\"@id\":\"https:\\\/\\\/www.slogi.si\\\/publikacije\\\/fotografski-portret-stefke-drolc\\\/#primaryimage\"},\"image\":{\"@id\":\"https:\\\/\\\/www.slogi.si\\\/publikacije\\\/fotografski-portret-stefke-drolc\\\/#primaryimage\"},\"thumbnailUrl\":\"https:\\\/\\\/www.slogi.si\\\/wp-content\\\/uploads\\\/2024\\\/01\\\/Stefka_Drolc.jpg\",\"datePublished\":\"2015-01-25T11:00:31+00:00\",\"dateModified\":\"2024-01-20T13:04:53+00:00\",\"description\":\"Leta 2015 je SLOGI naro\u010dil Marku Modicu, da fotografira vse \u017eive\u010de dobitnice in dobitnike Bor\u0161tnikovega prstana. Od takrat zbirko vsako leto ...\",\"breadcrumb\":{\"@id\":\"https:\\\/\\\/www.slogi.si\\\/publikacije\\\/fotografski-portret-stefke-drolc\\\/#breadcrumb\"},\"inLanguage\":\"en-GB\",\"potentialAction\":[{\"@type\":\"ReadAction\",\"target\":[\"https:\\\/\\\/www.slogi.si\\\/publikacije\\\/fotografski-portret-stefke-drolc\\\/\"]}]},{\"@type\":\"ImageObject\",\"inLanguage\":\"en-GB\",\"@id\":\"https:\\\/\\\/www.slogi.si\\\/publikacije\\\/fotografski-portret-stefke-drolc\\\/#primaryimage\",\"url\":\"https:\\\/\\\/www.slogi.si\\\/wp-content\\\/uploads\\\/2024\\\/01\\\/Stefka_Drolc.jpg\",\"contentUrl\":\"https:\\\/\\\/www.slogi.si\\\/wp-content\\\/uploads\\\/2024\\\/01\\\/Stefka_Drolc.jpg\",\"width\":500,\"height\":500,\"caption\":\"Fotografski portret \u0160tefke Drolc (avtor: Marko Modic). Vir: Ikonoteka SLOGI \u2013 Gledali\u0161ki muzej.\"},{\"@type\":\"BreadcrumbList\",\"@id\":\"https:\\\/\\\/www.slogi.si\\\/publikacije\\\/fotografski-portret-stefke-drolc\\\/#breadcrumb\",\"itemListElement\":[{\"@type\":\"ListItem\",\"position\":1,\"name\":\"Home\",\"item\":\"https:\\\/\\\/www.slogi.si\\\/\"},{\"@type\":\"ListItem\",\"position\":2,\"name\":\"Fotografski portret \u0160tefke Drolc\"}]},{\"@type\":\"WebSite\",\"@id\":\"https:\\\/\\\/www.slogi.si\\\/#website\",\"url\":\"https:\\\/\\\/www.slogi.si\\\/\",\"name\":\"SLOGI\",\"description\":\"Slovenski Gledali\u0161ki In\u0161titut\",\"publisher\":{\"@id\":\"https:\\\/\\\/www.slogi.si\\\/#organization\"},\"alternateName\":\"Slovenski Gledali\u0161ki In\u0161titut\",\"potentialAction\":[{\"@type\":\"SearchAction\",\"target\":{\"@type\":\"EntryPoint\",\"urlTemplate\":\"https:\\\/\\\/www.slogi.si\\\/?s={search_term_string}\"},\"query-input\":{\"@type\":\"PropertyValueSpecification\",\"valueRequired\":true,\"valueName\":\"search_term_string\"}}],\"inLanguage\":\"en-GB\"},{\"@type\":\"Organization\",\"@id\":\"https:\\\/\\\/www.slogi.si\\\/#organization\",\"name\":\"SLOGI\",\"alternateName\":\"Slovenski Gledali\u0161ki In\u0161titut\",\"url\":\"https:\\\/\\\/www.slogi.si\\\/\",\"logo\":{\"@type\":\"ImageObject\",\"inLanguage\":\"en-GB\",\"@id\":\"https:\\\/\\\/www.slogi.si\\\/#\\\/schema\\\/logo\\\/image\\\/\",\"url\":\"https:\\\/\\\/www.slogi.si\\\/wp-content\\\/uploads\\\/2024\\\/01\\\/favicon.svg\",\"contentUrl\":\"https:\\\/\\\/www.slogi.si\\\/wp-content\\\/uploads\\\/2024\\\/01\\\/favicon.svg\",\"width\":100,\"height\":100,\"caption\":\"SLOGI\"},\"image\":{\"@id\":\"https:\\\/\\\/www.slogi.si\\\/#\\\/schema\\\/logo\\\/image\\\/\"}}]}<\/script>\n<!-- \/ Yoast SEO plugin. -->","yoast_head_json":{"title":"Photographic portrait of \u0160tefka Drolc - SLOGI","description":"In 2015, SLOGI commissioned Marko Modic to photograph all living Bor\u0161tnik Ring winners. Since then, the collection has been updated annually...","robots":{"index":"index","follow":"follow","max-snippet":"max-snippet:-1","max-image-preview":"max-image-preview:large","max-video-preview":"max-video-preview:-1"},"canonical":"https:\/\/www.slogi.si\/en\/publications\/photographic-portrait-of-stefka-drolc-2\/","og_locale":"en_GB","og_type":"article","og_title":"Fotografski portret \u0160tefke Drolc - SLOGI","og_description":"Leta 2015 je SLOGI naro\u010dil Marku Modicu, da fotografira vse \u017eive\u010de dobitnice in dobitnike Bor\u0161tnikovega prstana. Od takrat zbirko vsako leto ...","og_url":"https:\/\/www.slogi.si\/en\/publications\/photographic-portrait-of-stefka-drolc-2\/","og_site_name":"SLOGI","article_modified_time":"2024-01-20T13:04:53+00:00","og_image":[{"width":500,"height":500,"url":"https:\/\/www.slogi.si\/wp-content\/uploads\/2024\/01\/Stefka_Drolc.jpg","type":"image\/jpeg"}],"twitter_card":"summary_large_image","twitter_misc":{"Estimated reading time":"1 minute"},"schema":{"@context":"https:\/\/schema.org","@graph":[{"@type":"WebPage","@id":"https:\/\/www.slogi.si\/publikacije\/fotografski-portret-stefke-drolc\/","url":"https:\/\/www.slogi.si\/publikacije\/fotografski-portret-stefke-drolc\/","name":"Photographic portrait of \u0160tefka Drolc - SLOGI","isPartOf":{"@id":"https:\/\/www.slogi.si\/#website"},"primaryImageOfPage":{"@id":"https:\/\/www.slogi.si\/publikacije\/fotografski-portret-stefke-drolc\/#primaryimage"},"image":{"@id":"https:\/\/www.slogi.si\/publikacije\/fotografski-portret-stefke-drolc\/#primaryimage"},"thumbnailUrl":"https:\/\/www.slogi.si\/wp-content\/uploads\/2024\/01\/Stefka_Drolc.jpg","datePublished":"2015-01-25T11:00:31+00:00","dateModified":"2024-01-20T13:04:53+00:00","description":"In 2015, SLOGI commissioned Marko Modic to photograph all living Bor\u0161tnik Ring winners. Since then, the collection has been updated annually...","breadcrumb":{"@id":"https:\/\/www.slogi.si\/publikacije\/fotografski-portret-stefke-drolc\/#breadcrumb"},"inLanguage":"en-GB","potentialAction":[{"@type":"ReadAction","target":["https:\/\/www.slogi.si\/publikacije\/fotografski-portret-stefke-drolc\/"]}]},{"@type":"ImageObject","inLanguage":"en-GB","@id":"https:\/\/www.slogi.si\/publikacije\/fotografski-portret-stefke-drolc\/#primaryimage","url":"https:\/\/www.slogi.si\/wp-content\/uploads\/2024\/01\/Stefka_Drolc.jpg","contentUrl":"https:\/\/www.slogi.si\/wp-content\/uploads\/2024\/01\/Stefka_Drolc.jpg","width":500,"height":500,"caption":"Fotografski portret \u0160tefke Drolc (avtor: Marko Modic). Vir: Ikonoteka SLOGI \u2013 Gledali\u0161ki muzej."},{"@type":"BreadcrumbList","@id":"https:\/\/www.slogi.si\/publikacije\/fotografski-portret-stefke-drolc\/#breadcrumb","itemListElement":[{"@type":"ListItem","position":1,"name":"Home","item":"https:\/\/www.slogi.si\/"},{"@type":"ListItem","position":2,"name":"Fotografski portret \u0160tefke Drolc"}]},{"@type":"WebSite","@id":"https:\/\/www.slogi.si\/#website","url":"https:\/\/www.slogi.si\/","name":"SLOGI","description":"Slovenian Theatre Institute","publisher":{"@id":"https:\/\/www.slogi.si\/#organization"},"alternateName":"Slovenski Gledali\u0161ki In\u0161titut","potentialAction":[{"@type":"SearchAction","target":{"@type":"EntryPoint","urlTemplate":"https:\/\/www.slogi.si\/?s={search_term_string}"},"query-input":{"@type":"PropertyValueSpecification","valueRequired":true,"valueName":"search_term_string"}}],"inLanguage":"en-GB"},{"@type":"Organization","@id":"https:\/\/www.slogi.si\/#organization","name":"SLOGI","alternateName":"Slovenski Gledali\u0161ki In\u0161titut","url":"https:\/\/www.slogi.si\/","logo":{"@type":"ImageObject","inLanguage":"en-GB","@id":"https:\/\/www.slogi.si\/#\/schema\/logo\/image\/","url":"https:\/\/www.slogi.si\/wp-content\/uploads\/2024\/01\/favicon.svg","contentUrl":"https:\/\/www.slogi.si\/wp-content\/uploads\/2024\/01\/favicon.svg","width":100,"height":100,"caption":"SLOGI"},"image":{"@id":"https:\/\/www.slogi.si\/#\/schema\/logo\/image\/"}}]}},"_links":{"self":[{"href":"https:\/\/www.slogi.si\/en\/wp-json\/wp\/v2\/publikacija\/600","targetHints":{"allow":["GET"]}}],"collection":[{"href":"https:\/\/www.slogi.si\/en\/wp-json\/wp\/v2\/publikacija"}],"about":[{"href":"https:\/\/www.slogi.si\/en\/wp-json\/wp\/v2\/types\/publikacija"}],"author":[{"embeddable":true,"href":"https:\/\/www.slogi.si\/en\/wp-json\/wp\/v2\/users\/3"}],"wp:featuredmedia":[{"embeddable":true,"href":"https:\/\/www.slogi.si\/en\/wp-json\/wp\/v2\/media\/3334"}],"wp:attachment":[{"href":"https:\/\/www.slogi.si\/en\/wp-json\/wp\/v2\/media?parent=600"}],"wp:term":[{"taxonomy":"category","embeddable":true,"href":"https:\/\/www.slogi.si\/en\/wp-json\/wp\/v2\/categories?post=600"},{"taxonomy":"post_tag","embeddable":true,"href":"https:\/\/www.slogi.si\/en\/wp-json\/wp\/v2\/tags?post=600"},{"taxonomy":"avtor","embeddable":true,"href":"https:\/\/www.slogi.si\/en\/wp-json\/wp\/v2\/avtor?post=600"},{"taxonomy":"izpostavljamo","embeddable":true,"href":"https:\/\/www.slogi.si\/en\/wp-json\/wp\/v2\/izpostavljamo?post=600"},{"taxonomy":"letnik","embeddable":true,"href":"https:\/\/www.slogi.si\/en\/wp-json\/wp\/v2\/letnik?post=600"},{"taxonomy":"naslov","embeddable":true,"href":"https:\/\/www.slogi.si\/en\/wp-json\/wp\/v2\/naslov?post=600"},{"taxonomy":"prevajalec","embeddable":true,"href":"https:\/\/www.slogi.si\/en\/wp-json\/wp\/v2\/prevajalec?post=600"},{"taxonomy":"zbirka","embeddable":true,"href":"https:\/\/www.slogi.si\/en\/wp-json\/wp\/v2\/zbirka?post=600"}],"curies":[{"name":"wp","href":"https:\/\/api.w.org\/{rel}","templated":true}]}}

Photographic portrait of Štefka Drolc

<p>Leta 2015 je SLOGI naročil Marku Modicu, da fotografira vse živeče dobitnice in dobitnike Borštnikovega prstana. Od takrat zbirko vsako leto dopolnjujemo. Fotografije je posnel oz. jih snema na pogovorih z nagrajenci, ki potekajo v SLOGI, nekatere portrete pa je posnel pri nagrajencih doma. Nekatere fotografije so bile razstavljene v okviru projekta Gremo na Borštnika! (in razstave na MK RS) leta 2015.</p>
<p>&nbsp;</p>
<p>[av_button label=&#8217;Vstopi v zbirko&#8217; link=&#8217;manually,http://museums.eu/collection/object/262692/stefka-drolc&#8217; link_target=&#8217;_blank&#8217; size=&#8217;small&#8217; position=&#8217;left&#8217; label_display=&#8221; icon_select=&#8217;no&#8217; icon=&#8217;ue800&#8242; font=&#8217;entypo-fontello&#8217; color=&#8217;theme-color&#8217; custom_bg=&#8217;#444444&#8242; custom_font=&#8217;#ffffff&#8217; av_uid=&#8221; custom_class=&#8221; admin_preview_bg=&#8221;]</p>

<p>Leta 2015 je SLOGI naročil Marku Modicu, da fotografira vse živeče dobitnice in dobitnike Borštnikovega prstana. Od takrat zbirko vsako leto dopolnjujemo. Fotografije je posnel oz. jih snema na pogovorih z nagrajenci, ki potekajo v SLOGI, nekatere portrete pa je posnel pri nagrajencih doma. Nekatere fotografije so bile razstavljene v okviru projekta Gremo na Borštnika! &#8230;</p>

<!-- This site is optimized with the Yoast SEO plugin v27.5 - https://yoast.com/product/yoast-seo-wordpress/ -->
<title>Fotografski portret Štefke Drolc - SLOGI</title>
<meta name="description" content="Leta 2015 je SLOGI naročil Marku Modicu, da fotografira vse živeče dobitnice in dobitnike Borštnikovega prstana. Od takrat zbirko vsako leto ..." />
<meta name="robots" content="index, follow, max-snippet:-1, max-image-preview:large, max-video-preview:-1" />
<link rel="canonical" href="https://www.slogi.si/en/publications/photographic-portrait-of-stefka-drolc-2/" />
<meta property="og:locale" content="en_GB" />
<meta property="og:type" content="article" />
<meta property="og:title" content="Fotografski portret Štefke Drolc - SLOGI" />
<meta property="og:description" content="Leta 2015 je SLOGI naročil Marku Modicu, da fotografira vse živeče dobitnice in dobitnike Borštnikovega prstana. Od takrat zbirko vsako leto ..." />
<meta property="og:url" content="https://www.slogi.si/en/publications/photographic-portrait-of-stefka-drolc-2/" />
<meta property="og:site_name" content="SLOGI" />
<meta property="article:modified_time" content="2024-01-20T13:04:53+00:00" />
<meta property="og:image" content="https://www.slogi.si/wp-content/uploads/2024/01/Stefka_Drolc.jpg" />
	<meta property="og:image:width" content="500" />
	<meta property="og:image:height" content="500" />
	<meta property="og:image:type" content="image/jpeg" />
<meta name="twitter:card" content="summary_large_image" />
<meta name="twitter:label1" content="Estimated reading time" />
	<meta name="twitter:data1" content="1 minute" />
<script type="application/ld+json" class="yoast-schema-graph">{"@context":"https:\/\/schema.org","@graph":[{"@type":"WebPage","@id":"https:\/\/www.slogi.si\/publikacije\/fotografski-portret-stefke-drolc\/","url":"https:\/\/www.slogi.si\/publikacije\/fotografski-portret-stefke-drolc\/","name":"Fotografski portret Štefke Drolc - SLOGI","isPartOf":{"@id":"https:\/\/www.slogi.si\/#website"},"primaryImageOfPage":{"@id":"https:\/\/www.slogi.si\/publikacije\/fotografski-portret-stefke-drolc\/#primaryimage"},"image":{"@id":"https:\/\/www.slogi.si\/publikacije\/fotografski-portret-stefke-drolc\/#primaryimage"},"thumbnailUrl":"https:\/\/www.slogi.si\/wp-content\/uploads\/2024\/01\/Stefka_Drolc.jpg","datePublished":"2015-01-25T11:00:31+00:00","dateModified":"2024-01-20T13:04:53+00:00","description":"Leta 2015 je SLOGI naročil Marku Modicu, da fotografira vse živeče dobitnice in dobitnike Borštnikovega prstana. Od takrat zbirko vsako leto ...","breadcrumb":{"@id":"https:\/\/www.slogi.si\/publikacije\/fotografski-portret-stefke-drolc\/#breadcrumb"},"inLanguage":"en-GB","potentialAction":[{"@type":"ReadAction","target":["https:\/\/www.slogi.si\/publikacije\/fotografski-portret-stefke-drolc\/"]}]},{"@type":"ImageObject","inLanguage":"en-GB","@id":"https:\/\/www.slogi.si\/publikacije\/fotografski-portret-stefke-drolc\/#primaryimage","url":"https:\/\/www.slogi.si\/wp-content\/uploads\/2024\/01\/Stefka_Drolc.jpg","contentUrl":"https:\/\/www.slogi.si\/wp-content\/uploads\/2024\/01\/Stefka_Drolc.jpg","width":500,"height":500,"caption":"Fotografski portret Štefke Drolc (avtor: Marko Modic). Vir: Ikonoteka SLOGI – Gledališki muzej."},{"@type":"BreadcrumbList","@id":"https:\/\/www.slogi.si\/publikacije\/fotografski-portret-stefke-drolc\/#breadcrumb","itemListElement":[{"@type":"ListItem","position":1,"name":"Home","item":"https:\/\/www.slogi.si\/"},{"@type":"ListItem","position":2,"name":"Fotografski portret Štefke Drolc"}]},{"@type":"WebSite","@id":"https:\/\/www.slogi.si\/#website","url":"https:\/\/www.slogi.si\/","name":"SLOGI","description":"Slovenski Gledališki Inštitut","publisher":{"@id":"https:\/\/www.slogi.si\/#organization"},"alternateName":"Slovenski Gledališki Inštitut","potentialAction":[{"@type":"SearchAction","target":{"@type":"EntryPoint","urlTemplate":"https:\/\/www.slogi.si\/?s={search_term_string}"},"query-input":{"@type":"PropertyValueSpecification","valueRequired":true,"valueName":"search_term_string"}}],"inLanguage":"en-GB"},{"@type":"Organization","@id":"https:\/\/www.slogi.si\/#organization","name":"SLOGI","alternateName":"Slovenski Gledališki Inštitut","url":"https:\/\/www.slogi.si\/","logo":{"@type":"ImageObject","inLanguage":"en-GB","@id":"https:\/\/www.slogi.si\/#\/schema\/logo\/image\/","url":"https:\/\/www.slogi.si\/wp-content\/uploads\/2024\/01\/favicon.svg","contentUrl":"https:\/\/www.slogi.si\/wp-content\/uploads\/2024\/01\/favicon.svg","width":100,"height":100,"caption":"SLOGI"},"image":{"@id":"https:\/\/www.slogi.si\/#\/schema\/logo\/image\/"}}]}</script>
<!-- / Yoast SEO plugin. -->

Photographic portrait of Štefka Drolc - SLOGI

In 2015, SLOGI commissioned Marko Modic to photograph all living Borštnik Ring winners. Since then, the collection has been updated annually...

Fotografski portret Štefke Drolc - SLOGI

Leta 2015 je SLOGI naročil Marku Modicu, da fotografira vse živeče dobitnice in dobitnike Borštnikovega prstana. Od takrat zbirko vsako leto ...

Fotografski portret Štefke Drolc (avtor: Marko Modic). Vir: Ikonoteka SLOGI – Gledališki muzej.

Fotografski portret Štefke Drolc

Slovenski Gledališki Inštitut
