{"id":8954,"date":"2009-11-20T12:08:51","date_gmt":"2009-11-20T11:08:51","guid":{"rendered":"https:\/\/www.slogi.si\/dogodki\/tace-predavanja\/"},"modified":"2024-09-13T10:01:59","modified_gmt":"2024-09-13T08:01:59","slug":"tace-predavanja","status":"publish","type":"dogodki","link":"https:\/\/www.slogi.si\/en\/dogodki\/tace-predavanja\/","title":{"rendered":"TACE predavanja &#8211; Gledali\u0161\u010de za 21. stoletje &#8211; Vizije in mo\u017enosti, predavanje"},"content":{"rendered":"<p>Predavatelji (delavnica \u0161tudentov arhitekture oz. simpozij):<\/p>\n<p>Ivo Svetina &#8211; dramatik in pesnik, literarni komparativist;<br \/>\nprof. Meta Ho\u010devar &#8211; scenografinja, re\u017eiserka in arhitekt, predavateljica na AGRFT;<br \/>\nBarbara Novakovi\u010d &#8211; gledali\u0161ka re\u017eiserka, igralka, kustosinja, direktorica zavoda Muzeum;<br \/>\nJanez Jan\u0161a (Emil Hrvatin) &#8211; gledali\u0161ki re\u017eiser, publicist, direktor zavoda Maska;<br \/>\ndr. Toma\u017e Topori\u0161i\u010d &#8211; literarni komparativist, teatrolog, dramaturg v Slovenskem mladinskem gledali\u0161\u010du;<br \/>\nDragan \u017divadinov &#8211; gledali\u0161ki re\u017eiser, performer;<br \/>\nAndreja Kopa\u010d &#8211; gledali\u0161ka publicistka, producentka in performerka<\/p>\n<p>&nbsp;<\/p>\n<p>Med 18. in 20. marcem 2009 so v Ljubljani potekale tudi <a href=\"\/en\/?p=5774\" target=\"_blank\" rel=\"noopener\">delavnice<\/a>.<\/p>\n<p>&nbsp;<\/p>","protected":false},"excerpt":{"rendered":"<p>Predavatelji (delavnica \u0161tudentov arhitekture oz. simpozij): Ivo Svetina &#8211; dramatik in pesnik, literarni komparativist; prof. Meta Ho\u010devar &#8211; scenografinja, re\u017eiserka in arhitekt, predavateljica na AGRFT; Barbara Novakovi\u010d &#8211; gledali\u0161ka re\u017eiserka, igralka, kustosinja, direktorica zavoda Muzeum; Janez Jan\u0161a (Emil Hrvatin) &#8211; gledali\u0161ki re\u017eiser, publicist, direktor zavoda Maska; dr. Toma\u017e Topori\u0161i\u010d &#8211; literarni komparativist, teatrolog, dramaturg v &#8230;<\/p>","protected":false},"featured_media":8925,"template":"","categories":[416],"tags":[26,28],"izpostavljamo":[],"letnik":[257],"tip":[422],"vrsta-razstave":[],"class_list":["post-8954","dogodki","type-dogodki","status-publish","has-post-thumbnail","hentry","category-dogodki","tag-gledaliska-arhitektura","tag-scenografija-in-kostumografija","letnik-257","tip-predavanje"],"acf":[],"yoast_head":"<!-- This site is optimized with the Yoast SEO plugin v27.5 - https:\/\/yoast.com\/product\/yoast-seo-wordpress\/ -->\n<title>TACE predavanja - Gledali\u0161\u010de za 21. stoletje - Vizije in mo\u017enosti, predavanje - SLOGI<\/title>\n<meta name=\"robots\" content=\"index, follow, max-snippet:-1, max-image-preview:large, max-video-preview:-1\" \/>\n<link rel=\"canonical\" href=\"https:\/\/www.slogi.si\/en\/events\/tace-predavanja\/\" \/>\n<meta property=\"og:locale\" content=\"en_GB\" \/>\n<meta property=\"og:type\" content=\"article\" \/>\n<meta property=\"og:title\" content=\"TACE predavanja - Gledali\u0161\u010de za 21. stoletje - Vizije in mo\u017enosti, predavanje - SLOGI\" \/>\n<meta property=\"og:description\" content=\"Predavatelji (delavnica \u0161tudentov arhitekture oz. simpozij): Ivo Svetina &#8211; dramatik in pesnik, literarni komparativist; prof. Meta Ho\u010devar &#8211; scenografinja, re\u017eiserka in arhitekt, predavateljica na AGRFT; Barbara Novakovi\u010d &#8211; gledali\u0161ka re\u017eiserka, igralka, kustosinja, direktorica zavoda Muzeum; Janez Jan\u0161a (Emil Hrvatin) &#8211; gledali\u0161ki re\u017eiser, publicist, direktor zavoda Maska; dr. Toma\u017e Topori\u0161i\u010d &#8211; literarni komparativist, teatrolog, dramaturg v ...\" \/>\n<meta property=\"og:url\" content=\"https:\/\/www.slogi.si\/en\/events\/tace-predavanja\/\" \/>\n<meta property=\"og:site_name\" content=\"SLOGI\" \/>\n<meta property=\"article:modified_time\" content=\"2024-09-13T08:01:59+00:00\" \/>\n<meta property=\"og:image\" content=\"https:\/\/www.slogi.si\/wp-content\/uploads\/2024\/01\/Novo-gledalisce-za-21.-stoletje1.jpg\" \/>\n\t<meta property=\"og:image:width\" content=\"900\" \/>\n\t<meta property=\"og:image:height\" content=\"475\" \/>\n\t<meta property=\"og:image:type\" content=\"image\/jpeg\" \/>\n<meta name=\"twitter:card\" content=\"summary_large_image\" \/>\n<script type=\"application\/ld+json\" class=\"yoast-schema-graph\">{\"@context\":\"https:\\\/\\\/schema.org\",\"@graph\":[{\"@type\":\"WebPage\",\"@id\":\"https:\\\/\\\/www.slogi.si\\\/dogodki\\\/tace-predavanja\\\/\",\"url\":\"https:\\\/\\\/www.slogi.si\\\/dogodki\\\/tace-predavanja\\\/\",\"name\":\"TACE predavanja - Gledali\u0161\u010de za 21. stoletje - Vizije in mo\u017enosti, predavanje - SLOGI\",\"isPartOf\":{\"@id\":\"https:\\\/\\\/www.slogi.si\\\/#website\"},\"primaryImageOfPage\":{\"@id\":\"https:\\\/\\\/www.slogi.si\\\/dogodki\\\/tace-predavanja\\\/#primaryimage\"},\"image\":{\"@id\":\"https:\\\/\\\/www.slogi.si\\\/dogodki\\\/tace-predavanja\\\/#primaryimage\"},\"thumbnailUrl\":\"https:\\\/\\\/www.slogi.si\\\/wp-content\\\/uploads\\\/2024\\\/01\\\/Novo-gledalisce-za-21.-stoletje1.jpg\",\"datePublished\":\"2009-11-20T11:08:51+00:00\",\"dateModified\":\"2024-09-13T08:01:59+00:00\",\"breadcrumb\":{\"@id\":\"https:\\\/\\\/www.slogi.si\\\/dogodki\\\/tace-predavanja\\\/#breadcrumb\"},\"inLanguage\":\"en-GB\",\"potentialAction\":[{\"@type\":\"ReadAction\",\"target\":[\"https:\\\/\\\/www.slogi.si\\\/dogodki\\\/tace-predavanja\\\/\"]}]},{\"@type\":\"ImageObject\",\"inLanguage\":\"en-GB\",\"@id\":\"https:\\\/\\\/www.slogi.si\\\/dogodki\\\/tace-predavanja\\\/#primaryimage\",\"url\":\"https:\\\/\\\/www.slogi.si\\\/wp-content\\\/uploads\\\/2024\\\/01\\\/Novo-gledalisce-za-21.-stoletje1.jpg\",\"contentUrl\":\"https:\\\/\\\/www.slogi.si\\\/wp-content\\\/uploads\\\/2024\\\/01\\\/Novo-gledalisce-za-21.-stoletje1.jpg\",\"width\":900,\"height\":475,\"caption\":\"Cilj delavnice je bil razmislek o perspektivah in mo\u017enostih sodobnega gledali\u0161\u010da za 21. stoletje ter vizija novega gledali\u0161\u010da na Ju\u017enem trgu v Ljubljani.\"},{\"@type\":\"BreadcrumbList\",\"@id\":\"https:\\\/\\\/www.slogi.si\\\/dogodki\\\/tace-predavanja\\\/#breadcrumb\",\"itemListElement\":[{\"@type\":\"ListItem\",\"position\":1,\"name\":\"Home\",\"item\":\"https:\\\/\\\/www.slogi.si\\\/\"},{\"@type\":\"ListItem\",\"position\":2,\"name\":\"TACE predavanja &#8211; Gledali\u0161\u010de za 21. stoletje &#8211; Vizije in mo\u017enosti, predavanje\"}]},{\"@type\":\"WebSite\",\"@id\":\"https:\\\/\\\/www.slogi.si\\\/#website\",\"url\":\"https:\\\/\\\/www.slogi.si\\\/\",\"name\":\"SLOGI\",\"description\":\"Slovenski Gledali\u0161ki In\u0161titut\",\"publisher\":{\"@id\":\"https:\\\/\\\/www.slogi.si\\\/#organization\"},\"alternateName\":\"Slovenski Gledali\u0161ki In\u0161titut\",\"potentialAction\":[{\"@type\":\"SearchAction\",\"target\":{\"@type\":\"EntryPoint\",\"urlTemplate\":\"https:\\\/\\\/www.slogi.si\\\/?s={search_term_string}\"},\"query-input\":{\"@type\":\"PropertyValueSpecification\",\"valueRequired\":true,\"valueName\":\"search_term_string\"}}],\"inLanguage\":\"en-GB\"},{\"@type\":\"Organization\",\"@id\":\"https:\\\/\\\/www.slogi.si\\\/#organization\",\"name\":\"SLOGI\",\"alternateName\":\"Slovenski Gledali\u0161ki In\u0161titut\",\"url\":\"https:\\\/\\\/www.slogi.si\\\/\",\"logo\":{\"@type\":\"ImageObject\",\"inLanguage\":\"en-GB\",\"@id\":\"https:\\\/\\\/www.slogi.si\\\/#\\\/schema\\\/logo\\\/image\\\/\",\"url\":\"https:\\\/\\\/www.slogi.si\\\/wp-content\\\/uploads\\\/2024\\\/01\\\/favicon.svg\",\"contentUrl\":\"https:\\\/\\\/www.slogi.si\\\/wp-content\\\/uploads\\\/2024\\\/01\\\/favicon.svg\",\"width\":100,\"height\":100,\"caption\":\"SLOGI\"},\"image\":{\"@id\":\"https:\\\/\\\/www.slogi.si\\\/#\\\/schema\\\/logo\\\/image\\\/\"}}]}<\/script>\n<!-- \/ Yoast SEO plugin. -->","yoast_head_json":{"title":"TACE predavanja - Gledali\u0161\u010de za 21. stoletje - Vizije in mo\u017enosti, predavanje - SLOGI","robots":{"index":"index","follow":"follow","max-snippet":"max-snippet:-1","max-image-preview":"max-image-preview:large","max-video-preview":"max-video-preview:-1"},"canonical":"https:\/\/www.slogi.si\/en\/events\/tace-predavanja\/","og_locale":"en_GB","og_type":"article","og_title":"TACE predavanja - Gledali\u0161\u010de za 21. stoletje - Vizije in mo\u017enosti, predavanje - SLOGI","og_description":"Predavatelji (delavnica \u0161tudentov arhitekture oz. simpozij): Ivo Svetina &#8211; dramatik in pesnik, literarni komparativist; prof. Meta Ho\u010devar &#8211; scenografinja, re\u017eiserka in arhitekt, predavateljica na AGRFT; Barbara Novakovi\u010d &#8211; gledali\u0161ka re\u017eiserka, igralka, kustosinja, direktorica zavoda Muzeum; Janez Jan\u0161a (Emil Hrvatin) &#8211; gledali\u0161ki re\u017eiser, publicist, direktor zavoda Maska; dr. Toma\u017e Topori\u0161i\u010d &#8211; literarni komparativist, teatrolog, dramaturg v ...","og_url":"https:\/\/www.slogi.si\/en\/events\/tace-predavanja\/","og_site_name":"SLOGI","article_modified_time":"2024-09-13T08:01:59+00:00","og_image":[{"width":900,"height":475,"url":"https:\/\/www.slogi.si\/wp-content\/uploads\/2024\/01\/Novo-gledalisce-za-21.-stoletje1.jpg","type":"image\/jpeg"}],"twitter_card":"summary_large_image","schema":{"@context":"https:\/\/schema.org","@graph":[{"@type":"WebPage","@id":"https:\/\/www.slogi.si\/dogodki\/tace-predavanja\/","url":"https:\/\/www.slogi.si\/dogodki\/tace-predavanja\/","name":"TACE predavanja - Gledali\u0161\u010de za 21. stoletje - Vizije in mo\u017enosti, predavanje - SLOGI","isPartOf":{"@id":"https:\/\/www.slogi.si\/#website"},"primaryImageOfPage":{"@id":"https:\/\/www.slogi.si\/dogodki\/tace-predavanja\/#primaryimage"},"image":{"@id":"https:\/\/www.slogi.si\/dogodki\/tace-predavanja\/#primaryimage"},"thumbnailUrl":"https:\/\/www.slogi.si\/wp-content\/uploads\/2024\/01\/Novo-gledalisce-za-21.-stoletje1.jpg","datePublished":"2009-11-20T11:08:51+00:00","dateModified":"2024-09-13T08:01:59+00:00","breadcrumb":{"@id":"https:\/\/www.slogi.si\/dogodki\/tace-predavanja\/#breadcrumb"},"inLanguage":"en-GB","potentialAction":[{"@type":"ReadAction","target":["https:\/\/www.slogi.si\/dogodki\/tace-predavanja\/"]}]},{"@type":"ImageObject","inLanguage":"en-GB","@id":"https:\/\/www.slogi.si\/dogodki\/tace-predavanja\/#primaryimage","url":"https:\/\/www.slogi.si\/wp-content\/uploads\/2024\/01\/Novo-gledalisce-za-21.-stoletje1.jpg","contentUrl":"https:\/\/www.slogi.si\/wp-content\/uploads\/2024\/01\/Novo-gledalisce-za-21.-stoletje1.jpg","width":900,"height":475,"caption":"Cilj delavnice je bil razmislek o perspektivah in mo\u017enostih sodobnega gledali\u0161\u010da za 21. stoletje ter vizija novega gledali\u0161\u010da na Ju\u017enem trgu v Ljubljani."},{"@type":"BreadcrumbList","@id":"https:\/\/www.slogi.si\/dogodki\/tace-predavanja\/#breadcrumb","itemListElement":[{"@type":"ListItem","position":1,"name":"Home","item":"https:\/\/www.slogi.si\/"},{"@type":"ListItem","position":2,"name":"TACE predavanja &#8211; Gledali\u0161\u010de za 21. stoletje &#8211; Vizije in mo\u017enosti, predavanje"}]},{"@type":"WebSite","@id":"https:\/\/www.slogi.si\/#website","url":"https:\/\/www.slogi.si\/","name":"SLOGI","description":"Slovenian Theatre Institute","publisher":{"@id":"https:\/\/www.slogi.si\/#organization"},"alternateName":"Slovenski Gledali\u0161ki In\u0161titut","potentialAction":[{"@type":"SearchAction","target":{"@type":"EntryPoint","urlTemplate":"https:\/\/www.slogi.si\/?s={search_term_string}"},"query-input":{"@type":"PropertyValueSpecification","valueRequired":true,"valueName":"search_term_string"}}],"inLanguage":"en-GB"},{"@type":"Organization","@id":"https:\/\/www.slogi.si\/#organization","name":"SLOGI","alternateName":"Slovenski Gledali\u0161ki In\u0161titut","url":"https:\/\/www.slogi.si\/","logo":{"@type":"ImageObject","inLanguage":"en-GB","@id":"https:\/\/www.slogi.si\/#\/schema\/logo\/image\/","url":"https:\/\/www.slogi.si\/wp-content\/uploads\/2024\/01\/favicon.svg","contentUrl":"https:\/\/www.slogi.si\/wp-content\/uploads\/2024\/01\/favicon.svg","width":100,"height":100,"caption":"SLOGI"},"image":{"@id":"https:\/\/www.slogi.si\/#\/schema\/logo\/image\/"}}]}},"_links":{"self":[{"href":"https:\/\/www.slogi.si\/en\/wp-json\/wp\/v2\/dogodki\/8954","targetHints":{"allow":["GET"]}}],"collection":[{"href":"https:\/\/www.slogi.si\/en\/wp-json\/wp\/v2\/dogodki"}],"about":[{"href":"https:\/\/www.slogi.si\/en\/wp-json\/wp\/v2\/types\/dogodki"}],"wp:featuredmedia":[{"embeddable":true,"href":"https:\/\/www.slogi.si\/en\/wp-json\/wp\/v2\/media\/8925"}],"wp:attachment":[{"href":"https:\/\/www.slogi.si\/en\/wp-json\/wp\/v2\/media?parent=8954"}],"wp:term":[{"taxonomy":"category","embeddable":true,"href":"https:\/\/www.slogi.si\/en\/wp-json\/wp\/v2\/categories?post=8954"},{"taxonomy":"post_tag","embeddable":true,"href":"https:\/\/www.slogi.si\/en\/wp-json\/wp\/v2\/tags?post=8954"},{"taxonomy":"izpostavljamo","embeddable":true,"href":"https:\/\/www.slogi.si\/en\/wp-json\/wp\/v2\/izpostavljamo?post=8954"},{"taxonomy":"letnik","embeddable":true,"href":"https:\/\/www.slogi.si\/en\/wp-json\/wp\/v2\/letnik?post=8954"},{"taxonomy":"tip","embeddable":true,"href":"https:\/\/www.slogi.si\/en\/wp-json\/wp\/v2\/tip?post=8954"},{"taxonomy":"vrsta-razstave","embeddable":true,"href":"https:\/\/www.slogi.si\/en\/wp-json\/wp\/v2\/vrsta-razstave?post=8954"}],"curies":[{"name":"wp","href":"https:\/\/api.w.org\/{rel}","templated":true}]}}

TACE predavanja &#8211; Gledališče za 21. stoletje &#8211; Vizije in možnosti, predavanje

<p>Predavatelji (delavnica študentov arhitekture oz. simpozij):</p>
<p>Ivo Svetina &#8211; dramatik in pesnik, literarni komparativist;<br />
prof. Meta Hočevar &#8211; scenografinja, režiserka in arhitekt, predavateljica na AGRFT;<br />
Barbara Novakovič &#8211; gledališka režiserka, igralka, kustosinja, direktorica zavoda Muzeum;<br />
Janez Janša (Emil Hrvatin) &#8211; gledališki režiser, publicist, direktor zavoda Maska;<br />
dr. Tomaž Toporišič &#8211; literarni komparativist, teatrolog, dramaturg v Slovenskem mladinskem gledališču;<br />
Dragan Živadinov &#8211; gledališki režiser, performer;<br />
Andreja Kopač &#8211; gledališka publicistka, producentka in performerka</p>
<p>&nbsp;</p>
<p>Med 18. in 20. marcem 2009 so v Ljubljani potekale tudi <a href="/en/?p=5774" target="_blank" rel="noopener">delavnice</a>.</p>
<p>&nbsp;</p>

<p>Predavatelji (delavnica študentov arhitekture oz. simpozij): Ivo Svetina &#8211; dramatik in pesnik, literarni komparativist; prof. Meta Hočevar &#8211; scenografinja, režiserka in arhitekt, predavateljica na AGRFT; Barbara Novakovič &#8211; gledališka režiserka, igralka, kustosinja, direktorica zavoda Muzeum; Janez Janša (Emil Hrvatin) &#8211; gledališki režiser, publicist, direktor zavoda Maska; dr. Tomaž Toporišič &#8211; literarni komparativist, teatrolog, dramaturg v &#8230;</p>

<!-- This site is optimized with the Yoast SEO plugin v27.5 - https://yoast.com/product/yoast-seo-wordpress/ -->
<title>TACE predavanja - Gledališče za 21. stoletje - Vizije in možnosti, predavanje - SLOGI</title>
<meta name="robots" content="index, follow, max-snippet:-1, max-image-preview:large, max-video-preview:-1" />
<link rel="canonical" href="https://www.slogi.si/en/events/tace-predavanja/" />
<meta property="og:locale" content="en_GB" />
<meta property="og:type" content="article" />
<meta property="og:title" content="TACE predavanja - Gledališče za 21. stoletje - Vizije in možnosti, predavanje - SLOGI" />
<meta property="og:description" content="Predavatelji (delavnica študentov arhitekture oz. simpozij): Ivo Svetina &#8211; dramatik in pesnik, literarni komparativist; prof. Meta Hočevar &#8211; scenografinja, režiserka in arhitekt, predavateljica na AGRFT; Barbara Novakovič &#8211; gledališka režiserka, igralka, kustosinja, direktorica zavoda Muzeum; Janez Janša (Emil Hrvatin) &#8211; gledališki režiser, publicist, direktor zavoda Maska; dr. Tomaž Toporišič &#8211; literarni komparativist, teatrolog, dramaturg v ..." />
<meta property="og:url" content="https://www.slogi.si/en/events/tace-predavanja/" />
<meta property="og:site_name" content="SLOGI" />
<meta property="article:modified_time" content="2024-09-13T08:01:59+00:00" />
<meta property="og:image" content="https://www.slogi.si/wp-content/uploads/2024/01/Novo-gledalisce-za-21.-stoletje1.jpg" />
	<meta property="og:image:width" content="900" />
	<meta property="og:image:height" content="475" />
	<meta property="og:image:type" content="image/jpeg" />
<meta name="twitter:card" content="summary_large_image" />
<script type="application/ld+json" class="yoast-schema-graph">{"@context":"https:\/\/schema.org","@graph":[{"@type":"WebPage","@id":"https:\/\/www.slogi.si\/dogodki\/tace-predavanja\/","url":"https:\/\/www.slogi.si\/dogodki\/tace-predavanja\/","name":"TACE predavanja - Gledališče za 21. stoletje - Vizije in možnosti, predavanje - SLOGI","isPartOf":{"@id":"https:\/\/www.slogi.si\/#website"},"primaryImageOfPage":{"@id":"https:\/\/www.slogi.si\/dogodki\/tace-predavanja\/#primaryimage"},"image":{"@id":"https:\/\/www.slogi.si\/dogodki\/tace-predavanja\/#primaryimage"},"thumbnailUrl":"https:\/\/www.slogi.si\/wp-content\/uploads\/2024\/01\/Novo-gledalisce-za-21.-stoletje1.jpg","datePublished":"2009-11-20T11:08:51+00:00","dateModified":"2024-09-13T08:01:59+00:00","breadcrumb":{"@id":"https:\/\/www.slogi.si\/dogodki\/tace-predavanja\/#breadcrumb"},"inLanguage":"en-GB","potentialAction":[{"@type":"ReadAction","target":["https:\/\/www.slogi.si\/dogodki\/tace-predavanja\/"]}]},{"@type":"ImageObject","inLanguage":"en-GB","@id":"https:\/\/www.slogi.si\/dogodki\/tace-predavanja\/#primaryimage","url":"https:\/\/www.slogi.si\/wp-content\/uploads\/2024\/01\/Novo-gledalisce-za-21.-stoletje1.jpg","contentUrl":"https:\/\/www.slogi.si\/wp-content\/uploads\/2024\/01\/Novo-gledalisce-za-21.-stoletje1.jpg","width":900,"height":475,"caption":"Cilj delavnice je bil razmislek o perspektivah in možnostih sodobnega gledališča za 21. stoletje ter vizija novega gledališča na Južnem trgu v Ljubljani."},{"@type":"BreadcrumbList","@id":"https:\/\/www.slogi.si\/dogodki\/tace-predavanja\/#breadcrumb","itemListElement":[{"@type":"ListItem","position":1,"name":"Home","item":"https:\/\/www.slogi.si\/"},{"@type":"ListItem","position":2,"name":"TACE predavanja &#8211; Gledališče za 21. stoletje &#8211; Vizije in možnosti, predavanje"}]},{"@type":"WebSite","@id":"https:\/\/www.slogi.si\/#website","url":"https:\/\/www.slogi.si\/","name":"SLOGI","description":"Slovenski Gledališki Inštitut","publisher":{"@id":"https:\/\/www.slogi.si\/#organization"},"alternateName":"Slovenski Gledališki Inštitut","potentialAction":[{"@type":"SearchAction","target":{"@type":"EntryPoint","urlTemplate":"https:\/\/www.slogi.si\/?s={search_term_string}"},"query-input":{"@type":"PropertyValueSpecification","valueRequired":true,"valueName":"search_term_string"}}],"inLanguage":"en-GB"},{"@type":"Organization","@id":"https:\/\/www.slogi.si\/#organization","name":"SLOGI","alternateName":"Slovenski Gledališki Inštitut","url":"https:\/\/www.slogi.si\/","logo":{"@type":"ImageObject","inLanguage":"en-GB","@id":"https:\/\/www.slogi.si\/#\/schema\/logo\/image\/","url":"https:\/\/www.slogi.si\/wp-content\/uploads\/2024\/01\/favicon.svg","contentUrl":"https:\/\/www.slogi.si\/wp-content\/uploads\/2024\/01\/favicon.svg","width":100,"height":100,"caption":"SLOGI"},"image":{"@id":"https:\/\/www.slogi.si\/#\/schema\/logo\/image\/"}}]}</script>
<!-- / Yoast SEO plugin. -->

TACE predavanja - Gledališče za 21. stoletje - Vizije in možnosti, predavanje - SLOGI

Predavatelji (delavnica študentov arhitekture oz. simpozij): Ivo Svetina &#8211; dramatik in pesnik, literarni komparativist; prof. Meta Hočevar &#8211; scenografinja, režiserka in arhitekt, predavateljica na AGRFT; Barbara Novakovič &#8211; gledališka režiserka, igralka, kustosinja, direktorica zavoda Muzeum; Janez Janša (Emil Hrvatin) &#8211; gledališki režiser, publicist, direktor zavoda Maska; dr. Tomaž Toporišič &#8211; literarni komparativist, teatrolog, dramaturg v ...

Cilj delavnice je bil razmislek o perspektivah in možnostih sodobnega gledališča za 21. stoletje ter vizija novega gledališča na Južnem trgu v Ljubljani.

Slovenski Gledališki Inštitut
