{"id":8651,"date":"2016-11-09T10:30:26","date_gmt":"2016-11-09T09:30:26","guid":{"rendered":"https:\/\/www.slogi.si\/dogodki\/ali-je-valerija-heybal-pozabljena-simpozij\/"},"modified":"2024-09-13T10:01:48","modified_gmt":"2024-09-13T08:01:48","slug":"ali-je-valerija-heybal-pozabljena-simpozij","status":"publish","type":"dogodki","link":"https:\/\/www.slogi.si\/en\/dogodki\/ali-je-valerija-heybal-pozabljena-simpozij\/","title":{"rendered":"Ali je Valerija Heybal pozabljena? Simpozij."},"content":{"rendered":"<p>Gradiva in vire o umetni\u0161ki poti glasbenice in operne pevke Valerije Heybal bodo predstavili Marko Ko\u0161ir, Peter Bedjani\u010d in dr. Primo\u017e Kuret. Vstop prost.<\/p>\n<p>&nbsp;<\/p>\n<p><img decoding=\"async\" class=\"alignnone size-medium wp-image-4151\" src=\"https:\/\/www.slogi.si\/wp-content\/uploads\/2024\/01\/Fundacija-Ladko-Korosec-300x108-1.jpg\" alt=\"Fundacija Ladko Koro\u0161ec\" width=\"300\" height=\"108\" \/><\/p>","protected":false},"excerpt":{"rendered":"<p>Gradiva in vire o umetni\u0161ki poti glasbenice in operne pevke Valerije Heybal bodo predstavili Marko Ko\u0161ir, Peter Bedjani\u010d in dr. Primo\u017e Kuret. Vstop prost. &nbsp;<\/p>","protected":false},"featured_media":8653,"template":"","categories":[416],"tags":[549,25,438],"izpostavljamo":[],"letnik":[243],"tip":[],"vrsta-razstave":[],"class_list":["post-8651","dogodki","type-dogodki","status-publish","has-post-thumbnail","hentry","category-dogodki","tag-heybal","tag-opera","tag-simpozij","letnik-243"],"acf":[],"yoast_head":"<!-- This site is optimized with the Yoast SEO plugin v27.5 - https:\/\/yoast.com\/product\/yoast-seo-wordpress\/ -->\n<title>Ali je Valerija Heybal pozabljena? Simpozij. - SLOGI<\/title>\n<meta name=\"robots\" content=\"index, follow, max-snippet:-1, max-image-preview:large, max-video-preview:-1\" \/>\n<link rel=\"canonical\" href=\"https:\/\/www.slogi.si\/en\/events\/ali-je-valerija-heybal-pozabljena-simpozij\/\" \/>\n<meta property=\"og:locale\" content=\"en_GB\" \/>\n<meta property=\"og:type\" content=\"article\" \/>\n<meta property=\"og:title\" content=\"Ali je Valerija Heybal pozabljena? Simpozij. - SLOGI\" \/>\n<meta property=\"og:description\" content=\"Gradiva in vire o umetni\u0161ki poti glasbenice in operne pevke Valerije Heybal bodo predstavili Marko Ko\u0161ir, Peter Bedjani\u010d in dr. Primo\u017e Kuret. Vstop prost. &nbsp;\" \/>\n<meta property=\"og:url\" content=\"https:\/\/www.slogi.si\/en\/events\/ali-je-valerija-heybal-pozabljena-simpozij\/\" \/>\n<meta property=\"og:site_name\" content=\"SLOGI\" \/>\n<meta property=\"article:modified_time\" content=\"2024-09-13T08:01:48+00:00\" \/>\n<meta property=\"og:image\" content=\"https:\/\/www.slogi.si\/wp-content\/uploads\/2024\/01\/Valerija-Heybal.jpg\" \/>\n\t<meta property=\"og:image:width\" content=\"710\" \/>\n\t<meta property=\"og:image:height\" content=\"375\" \/>\n\t<meta property=\"og:image:type\" content=\"image\/jpeg\" \/>\n<meta name=\"twitter:card\" content=\"summary_large_image\" \/>\n<script type=\"application\/ld+json\" class=\"yoast-schema-graph\">{\"@context\":\"https:\\\/\\\/schema.org\",\"@graph\":[{\"@type\":\"WebPage\",\"@id\":\"https:\\\/\\\/www.slogi.si\\\/dogodki\\\/ali-je-valerija-heybal-pozabljena-simpozij\\\/\",\"url\":\"https:\\\/\\\/www.slogi.si\\\/dogodki\\\/ali-je-valerija-heybal-pozabljena-simpozij\\\/\",\"name\":\"Ali je Valerija Heybal pozabljena? Simpozij. - SLOGI\",\"isPartOf\":{\"@id\":\"https:\\\/\\\/www.slogi.si\\\/#website\"},\"primaryImageOfPage\":{\"@id\":\"https:\\\/\\\/www.slogi.si\\\/dogodki\\\/ali-je-valerija-heybal-pozabljena-simpozij\\\/#primaryimage\"},\"image\":{\"@id\":\"https:\\\/\\\/www.slogi.si\\\/dogodki\\\/ali-je-valerija-heybal-pozabljena-simpozij\\\/#primaryimage\"},\"thumbnailUrl\":\"https:\\\/\\\/www.slogi.si\\\/wp-content\\\/uploads\\\/2024\\\/01\\\/Valerija-Heybal.jpg\",\"datePublished\":\"2016-11-09T09:30:26+00:00\",\"dateModified\":\"2024-09-13T08:01:48+00:00\",\"breadcrumb\":{\"@id\":\"https:\\\/\\\/www.slogi.si\\\/dogodki\\\/ali-je-valerija-heybal-pozabljena-simpozij\\\/#breadcrumb\"},\"inLanguage\":\"en-GB\",\"potentialAction\":[{\"@type\":\"ReadAction\",\"target\":[\"https:\\\/\\\/www.slogi.si\\\/dogodki\\\/ali-je-valerija-heybal-pozabljena-simpozij\\\/\"]}]},{\"@type\":\"ImageObject\",\"inLanguage\":\"en-GB\",\"@id\":\"https:\\\/\\\/www.slogi.si\\\/dogodki\\\/ali-je-valerija-heybal-pozabljena-simpozij\\\/#primaryimage\",\"url\":\"https:\\\/\\\/www.slogi.si\\\/wp-content\\\/uploads\\\/2024\\\/01\\\/Valerija-Heybal.jpg\",\"contentUrl\":\"https:\\\/\\\/www.slogi.si\\\/wp-content\\\/uploads\\\/2024\\\/01\\\/Valerija-Heybal.jpg\",\"width\":710,\"height\":375,\"caption\":\"Ali je Valerija Heybal pozabljena? Simpozij.\"},{\"@type\":\"BreadcrumbList\",\"@id\":\"https:\\\/\\\/www.slogi.si\\\/dogodki\\\/ali-je-valerija-heybal-pozabljena-simpozij\\\/#breadcrumb\",\"itemListElement\":[{\"@type\":\"ListItem\",\"position\":1,\"name\":\"Home\",\"item\":\"https:\\\/\\\/www.slogi.si\\\/\"},{\"@type\":\"ListItem\",\"position\":2,\"name\":\"Ali je Valerija Heybal pozabljena? Simpozij.\"}]},{\"@type\":\"WebSite\",\"@id\":\"https:\\\/\\\/www.slogi.si\\\/#website\",\"url\":\"https:\\\/\\\/www.slogi.si\\\/\",\"name\":\"SLOGI\",\"description\":\"Slovenski Gledali\u0161ki In\u0161titut\",\"publisher\":{\"@id\":\"https:\\\/\\\/www.slogi.si\\\/#organization\"},\"alternateName\":\"Slovenski Gledali\u0161ki In\u0161titut\",\"potentialAction\":[{\"@type\":\"SearchAction\",\"target\":{\"@type\":\"EntryPoint\",\"urlTemplate\":\"https:\\\/\\\/www.slogi.si\\\/?s={search_term_string}\"},\"query-input\":{\"@type\":\"PropertyValueSpecification\",\"valueRequired\":true,\"valueName\":\"search_term_string\"}}],\"inLanguage\":\"en-GB\"},{\"@type\":\"Organization\",\"@id\":\"https:\\\/\\\/www.slogi.si\\\/#organization\",\"name\":\"SLOGI\",\"alternateName\":\"Slovenski Gledali\u0161ki In\u0161titut\",\"url\":\"https:\\\/\\\/www.slogi.si\\\/\",\"logo\":{\"@type\":\"ImageObject\",\"inLanguage\":\"en-GB\",\"@id\":\"https:\\\/\\\/www.slogi.si\\\/#\\\/schema\\\/logo\\\/image\\\/\",\"url\":\"https:\\\/\\\/www.slogi.si\\\/wp-content\\\/uploads\\\/2024\\\/01\\\/favicon.svg\",\"contentUrl\":\"https:\\\/\\\/www.slogi.si\\\/wp-content\\\/uploads\\\/2024\\\/01\\\/favicon.svg\",\"width\":100,\"height\":100,\"caption\":\"SLOGI\"},\"image\":{\"@id\":\"https:\\\/\\\/www.slogi.si\\\/#\\\/schema\\\/logo\\\/image\\\/\"}}]}<\/script>\n<!-- \/ Yoast SEO plugin. -->","yoast_head_json":{"title":"Ali je Valerija Heybal pozabljena? Simpozij. - SLOGI","robots":{"index":"index","follow":"follow","max-snippet":"max-snippet:-1","max-image-preview":"max-image-preview:large","max-video-preview":"max-video-preview:-1"},"canonical":"https:\/\/www.slogi.si\/en\/events\/ali-je-valerija-heybal-pozabljena-simpozij\/","og_locale":"en_GB","og_type":"article","og_title":"Ali je Valerija Heybal pozabljena? Simpozij. - SLOGI","og_description":"Gradiva in vire o umetni\u0161ki poti glasbenice in operne pevke Valerije Heybal bodo predstavili Marko Ko\u0161ir, Peter Bedjani\u010d in dr. Primo\u017e Kuret. Vstop prost. &nbsp;","og_url":"https:\/\/www.slogi.si\/en\/events\/ali-je-valerija-heybal-pozabljena-simpozij\/","og_site_name":"SLOGI","article_modified_time":"2024-09-13T08:01:48+00:00","og_image":[{"width":710,"height":375,"url":"https:\/\/www.slogi.si\/wp-content\/uploads\/2024\/01\/Valerija-Heybal.jpg","type":"image\/jpeg"}],"twitter_card":"summary_large_image","schema":{"@context":"https:\/\/schema.org","@graph":[{"@type":"WebPage","@id":"https:\/\/www.slogi.si\/dogodki\/ali-je-valerija-heybal-pozabljena-simpozij\/","url":"https:\/\/www.slogi.si\/dogodki\/ali-je-valerija-heybal-pozabljena-simpozij\/","name":"Ali je Valerija Heybal pozabljena? Simpozij. - SLOGI","isPartOf":{"@id":"https:\/\/www.slogi.si\/#website"},"primaryImageOfPage":{"@id":"https:\/\/www.slogi.si\/dogodki\/ali-je-valerija-heybal-pozabljena-simpozij\/#primaryimage"},"image":{"@id":"https:\/\/www.slogi.si\/dogodki\/ali-je-valerija-heybal-pozabljena-simpozij\/#primaryimage"},"thumbnailUrl":"https:\/\/www.slogi.si\/wp-content\/uploads\/2024\/01\/Valerija-Heybal.jpg","datePublished":"2016-11-09T09:30:26+00:00","dateModified":"2024-09-13T08:01:48+00:00","breadcrumb":{"@id":"https:\/\/www.slogi.si\/dogodki\/ali-je-valerija-heybal-pozabljena-simpozij\/#breadcrumb"},"inLanguage":"en-GB","potentialAction":[{"@type":"ReadAction","target":["https:\/\/www.slogi.si\/dogodki\/ali-je-valerija-heybal-pozabljena-simpozij\/"]}]},{"@type":"ImageObject","inLanguage":"en-GB","@id":"https:\/\/www.slogi.si\/dogodki\/ali-je-valerija-heybal-pozabljena-simpozij\/#primaryimage","url":"https:\/\/www.slogi.si\/wp-content\/uploads\/2024\/01\/Valerija-Heybal.jpg","contentUrl":"https:\/\/www.slogi.si\/wp-content\/uploads\/2024\/01\/Valerija-Heybal.jpg","width":710,"height":375,"caption":"Ali je Valerija Heybal pozabljena? Simpozij."},{"@type":"BreadcrumbList","@id":"https:\/\/www.slogi.si\/dogodki\/ali-je-valerija-heybal-pozabljena-simpozij\/#breadcrumb","itemListElement":[{"@type":"ListItem","position":1,"name":"Home","item":"https:\/\/www.slogi.si\/"},{"@type":"ListItem","position":2,"name":"Ali je Valerija Heybal pozabljena? Simpozij."}]},{"@type":"WebSite","@id":"https:\/\/www.slogi.si\/#website","url":"https:\/\/www.slogi.si\/","name":"SLOGI","description":"Slovenian Theatre Institute","publisher":{"@id":"https:\/\/www.slogi.si\/#organization"},"alternateName":"Slovenski Gledali\u0161ki In\u0161titut","potentialAction":[{"@type":"SearchAction","target":{"@type":"EntryPoint","urlTemplate":"https:\/\/www.slogi.si\/?s={search_term_string}"},"query-input":{"@type":"PropertyValueSpecification","valueRequired":true,"valueName":"search_term_string"}}],"inLanguage":"en-GB"},{"@type":"Organization","@id":"https:\/\/www.slogi.si\/#organization","name":"SLOGI","alternateName":"Slovenski Gledali\u0161ki In\u0161titut","url":"https:\/\/www.slogi.si\/","logo":{"@type":"ImageObject","inLanguage":"en-GB","@id":"https:\/\/www.slogi.si\/#\/schema\/logo\/image\/","url":"https:\/\/www.slogi.si\/wp-content\/uploads\/2024\/01\/favicon.svg","contentUrl":"https:\/\/www.slogi.si\/wp-content\/uploads\/2024\/01\/favicon.svg","width":100,"height":100,"caption":"SLOGI"},"image":{"@id":"https:\/\/www.slogi.si\/#\/schema\/logo\/image\/"}}]}},"_links":{"self":[{"href":"https:\/\/www.slogi.si\/en\/wp-json\/wp\/v2\/dogodki\/8651","targetHints":{"allow":["GET"]}}],"collection":[{"href":"https:\/\/www.slogi.si\/en\/wp-json\/wp\/v2\/dogodki"}],"about":[{"href":"https:\/\/www.slogi.si\/en\/wp-json\/wp\/v2\/types\/dogodki"}],"wp:featuredmedia":[{"embeddable":true,"href":"https:\/\/www.slogi.si\/en\/wp-json\/wp\/v2\/media\/8653"}],"wp:attachment":[{"href":"https:\/\/www.slogi.si\/en\/wp-json\/wp\/v2\/media?parent=8651"}],"wp:term":[{"taxonomy":"category","embeddable":true,"href":"https:\/\/www.slogi.si\/en\/wp-json\/wp\/v2\/categories?post=8651"},{"taxonomy":"post_tag","embeddable":true,"href":"https:\/\/www.slogi.si\/en\/wp-json\/wp\/v2\/tags?post=8651"},{"taxonomy":"izpostavljamo","embeddable":true,"href":"https:\/\/www.slogi.si\/en\/wp-json\/wp\/v2\/izpostavljamo?post=8651"},{"taxonomy":"letnik","embeddable":true,"href":"https:\/\/www.slogi.si\/en\/wp-json\/wp\/v2\/letnik?post=8651"},{"taxonomy":"tip","embeddable":true,"href":"https:\/\/www.slogi.si\/en\/wp-json\/wp\/v2\/tip?post=8651"},{"taxonomy":"vrsta-razstave","embeddable":true,"href":"https:\/\/www.slogi.si\/en\/wp-json\/wp\/v2\/vrsta-razstave?post=8651"}],"curies":[{"name":"wp","href":"https:\/\/api.w.org\/{rel}","templated":true}]}}

<p>Gradiva in vire o umetniški poti glasbenice in operne pevke Valerije Heybal bodo predstavili Marko Košir, Peter Bedjanič in dr. Primož Kuret. Vstop prost.</p>
<p>&nbsp;</p>
<p><img decoding="async" class="alignnone size-medium wp-image-4151" src="https://www.slogi.si/wp-content/uploads/2024/01/Fundacija-Ladko-Korosec-300x108-1.jpg" alt="Fundacija Ladko Korošec" width="300" height="108" /></p>

<p>Gradiva in vire o umetniški poti glasbenice in operne pevke Valerije Heybal bodo predstavili Marko Košir, Peter Bedjanič in dr. Primož Kuret. Vstop prost. &nbsp;</p>

<!-- This site is optimized with the Yoast SEO plugin v27.5 - https://yoast.com/product/yoast-seo-wordpress/ -->
<title>Ali je Valerija Heybal pozabljena? Simpozij. - SLOGI</title>
<meta name="robots" content="index, follow, max-snippet:-1, max-image-preview:large, max-video-preview:-1" />
<link rel="canonical" href="https://www.slogi.si/en/events/ali-je-valerija-heybal-pozabljena-simpozij/" />
<meta property="og:locale" content="en_GB" />
<meta property="og:type" content="article" />
<meta property="og:title" content="Ali je Valerija Heybal pozabljena? Simpozij. - SLOGI" />
<meta property="og:description" content="Gradiva in vire o umetniški poti glasbenice in operne pevke Valerije Heybal bodo predstavili Marko Košir, Peter Bedjanič in dr. Primož Kuret. Vstop prost. &nbsp;" />
<meta property="og:url" content="https://www.slogi.si/en/events/ali-je-valerija-heybal-pozabljena-simpozij/" />
<meta property="og:site_name" content="SLOGI" />
<meta property="article:modified_time" content="2024-09-13T08:01:48+00:00" />
<meta property="og:image" content="https://www.slogi.si/wp-content/uploads/2024/01/Valerija-Heybal.jpg" />
	<meta property="og:image:width" content="710" />
	<meta property="og:image:height" content="375" />
	<meta property="og:image:type" content="image/jpeg" />
<meta name="twitter:card" content="summary_large_image" />
<script type="application/ld+json" class="yoast-schema-graph">{"@context":"https:\/\/schema.org","@graph":[{"@type":"WebPage","@id":"https:\/\/www.slogi.si\/dogodki\/ali-je-valerija-heybal-pozabljena-simpozij\/","url":"https:\/\/www.slogi.si\/dogodki\/ali-je-valerija-heybal-pozabljena-simpozij\/","name":"Ali je Valerija Heybal pozabljena? Simpozij. - SLOGI","isPartOf":{"@id":"https:\/\/www.slogi.si\/#website"},"primaryImageOfPage":{"@id":"https:\/\/www.slogi.si\/dogodki\/ali-je-valerija-heybal-pozabljena-simpozij\/#primaryimage"},"image":{"@id":"https:\/\/www.slogi.si\/dogodki\/ali-je-valerija-heybal-pozabljena-simpozij\/#primaryimage"},"thumbnailUrl":"https:\/\/www.slogi.si\/wp-content\/uploads\/2024\/01\/Valerija-Heybal.jpg","datePublished":"2016-11-09T09:30:26+00:00","dateModified":"2024-09-13T08:01:48+00:00","breadcrumb":{"@id":"https:\/\/www.slogi.si\/dogodki\/ali-je-valerija-heybal-pozabljena-simpozij\/#breadcrumb"},"inLanguage":"en-GB","potentialAction":[{"@type":"ReadAction","target":["https:\/\/www.slogi.si\/dogodki\/ali-je-valerija-heybal-pozabljena-simpozij\/"]}]},{"@type":"ImageObject","inLanguage":"en-GB","@id":"https:\/\/www.slogi.si\/dogodki\/ali-je-valerija-heybal-pozabljena-simpozij\/#primaryimage","url":"https:\/\/www.slogi.si\/wp-content\/uploads\/2024\/01\/Valerija-Heybal.jpg","contentUrl":"https:\/\/www.slogi.si\/wp-content\/uploads\/2024\/01\/Valerija-Heybal.jpg","width":710,"height":375,"caption":"Ali je Valerija Heybal pozabljena? Simpozij."},{"@type":"BreadcrumbList","@id":"https:\/\/www.slogi.si\/dogodki\/ali-je-valerija-heybal-pozabljena-simpozij\/#breadcrumb","itemListElement":[{"@type":"ListItem","position":1,"name":"Home","item":"https:\/\/www.slogi.si\/"},{"@type":"ListItem","position":2,"name":"Ali je Valerija Heybal pozabljena? Simpozij."}]},{"@type":"WebSite","@id":"https:\/\/www.slogi.si\/#website","url":"https:\/\/www.slogi.si\/","name":"SLOGI","description":"Slovenski Gledališki Inštitut","publisher":{"@id":"https:\/\/www.slogi.si\/#organization"},"alternateName":"Slovenski Gledališki Inštitut","potentialAction":[{"@type":"SearchAction","target":{"@type":"EntryPoint","urlTemplate":"https:\/\/www.slogi.si\/?s={search_term_string}"},"query-input":{"@type":"PropertyValueSpecification","valueRequired":true,"valueName":"search_term_string"}}],"inLanguage":"en-GB"},{"@type":"Organization","@id":"https:\/\/www.slogi.si\/#organization","name":"SLOGI","alternateName":"Slovenski Gledališki Inštitut","url":"https:\/\/www.slogi.si\/","logo":{"@type":"ImageObject","inLanguage":"en-GB","@id":"https:\/\/www.slogi.si\/#\/schema\/logo\/image\/","url":"https:\/\/www.slogi.si\/wp-content\/uploads\/2024\/01\/favicon.svg","contentUrl":"https:\/\/www.slogi.si\/wp-content\/uploads\/2024\/01\/favicon.svg","width":100,"height":100,"caption":"SLOGI"},"image":{"@id":"https:\/\/www.slogi.si\/#\/schema\/logo\/image\/"}}]}</script>
<!-- / Yoast SEO plugin. -->

Gradiva in vire o umetniški poti glasbenice in operne pevke Valerije Heybal bodo predstavili Marko Košir, Peter Bedjanič in dr. Primož Kuret. Vstop prost. &nbsp;

Slovenski Gledališki Inštitut
