{"id":11036,"date":"2023-11-20T14:34:11","date_gmt":"2023-11-20T13:34:11","guid":{"rendered":"https:\/\/www.slogi.si\/dogodki\/javno-vodstvo-milan-butina-scenograf-2\/"},"modified":"2024-09-13T10:02:59","modified_gmt":"2024-09-13T08:02:59","slug":"javno-vodstvo-milan-butina-scenograf-tvdk_2023-2","status":"publish","type":"dogodki","link":"https:\/\/www.slogi.si\/en\/dogodki\/javno-vodstvo-milan-butina-scenograf-tvdk_2023-2\/","title":{"rendered":"Javno vodstvo po razstavi Iz na\u0161ih zbirk: Milan Butina, scenograf"},"content":{"rendered":"<p>V Slovenskem gledali\u0161kem in\u0161titutu je <strong>kot del praznovanj ob stoti obletnici umetnikovega rojstva<\/strong> do 29. decembra 2023 na ogled razstava <strong><em>From our collections: Milan Butina, scenographer<\/em><\/strong>.<\/p>\n<p>Milan Butina velja za utemeljitelja likovne teorije na Slovenskem, vendar ni deloval \u00bble\u00ab kot slikar in likovni teoretik, temve\u010d je bil tudi gledali\u0161ki \u010dlovek. Kot scenograf (in pogosto tudi kostumograf) je soustvaril ve\u010d kot devetdeset uprizoritev. Razstava v Slovenskem gledali\u0161kem in\u0161titutu se osredoto\u010da na umetnikov scenografski opus. Na njej razstavljamo <strong>a selection of sketches from the period between 1951 and 1967<\/strong>, ki predstavljajo scenografske zasnove <strong>za \u0161tiriindvajset uprizoritev<\/strong> \u2013 sedemnajst je bilo postavljenih v Mestnem gledali\u0161\u010du ljubljanskem, po ena v Celju, Trstu in Kranju, \u0161tiri so ostale nerealizirane.<\/p>\n<p>Skozi razstavo vas bo popeljala avtorica razstave, kustosinja <strong>Tea Rogelj, MA<\/strong>.<\/p>\n<p><a href=\"https:\/\/www.slogi.si\/en\/events\/from-our-collections-milan-butina-set-designer-temporary-exhibition\/\" target=\"_blank\" rel=\"noopener\">More about the exhibition &gt;&gt;<\/a><\/p>\n<p>Vodstvo pripravljamo v okviru pobude <em>This happy day of culture<\/em> \u2013 <strong>vstop prost<\/strong>!<\/p>\n<p>You are cordially invited!<\/p>\n<p><img decoding=\"async\" class=\"aligncenter size-medium wp-image-30033\" src=\"https:\/\/www.slogi.si\/wp-content\/uploads\/2024\/01\/TA-VESELI-DAN_fb-page-cover-image-02_ametist-300x111-1.png\" alt=\"\" width=\"300\" height=\"111\" \/><\/p>\n<p>&nbsp;<\/p>","protected":false},"excerpt":{"rendered":"<p>Skozi razstavo Iz na\u0161ih zbirk: Milan Butina, scenograf, ki je v Slovenskem gledali\u0161kem in\u0161titutu na ogled kot del praznovanj ob stoti obletnici umetnikovega rojstva, vas bo popeljala avtorica razstave, kustosinja mag. Tea Rogelj.<\/p>","protected":false},"featured_media":11054,"template":"","categories":[416],"tags":[],"izpostavljamo":[],"letnik":[382],"tip":[432],"vrsta-razstave":[],"class_list":["post-11036","dogodki","type-dogodki","status-publish","has-post-thumbnail","hentry","category-dogodki","letnik-382","tip-vodstvo"],"acf":[],"yoast_head":"<!-- This site is optimized with the Yoast SEO plugin v27.5 - https:\/\/yoast.com\/product\/yoast-seo-wordpress\/ -->\n<title>Javno vodstvo po razstavi Iz na\u0161ih zbirk: Milan Butina, scenograf - SLOGI<\/title>\n<meta name=\"robots\" content=\"index, follow, max-snippet:-1, max-image-preview:large, max-video-preview:-1\" \/>\n<link rel=\"canonical\" href=\"https:\/\/www.slogi.si\/en\/events\/javno-vodstvo-milan-butina-scenograf-tvdk_2023-2\/\" \/>\n<meta property=\"og:locale\" content=\"en_GB\" \/>\n<meta property=\"og:type\" content=\"article\" \/>\n<meta property=\"og:title\" content=\"Javno vodstvo po razstavi Iz na\u0161ih zbirk: Milan Butina, scenograf - SLOGI\" \/>\n<meta property=\"og:description\" content=\"Skozi razstavo Iz na\u0161ih zbirk: Milan Butina, scenograf, ki je v Slovenskem gledali\u0161kem in\u0161titutu na ogled kot del praznovanj ob stoti obletnici umetnikovega rojstva, vas bo popeljala avtorica razstave, kustosinja mag. Tea Rogelj.\" \/>\n<meta property=\"og:url\" content=\"https:\/\/www.slogi.si\/en\/events\/javno-vodstvo-milan-butina-scenograf-tvdk_2023-2\/\" \/>\n<meta property=\"og:site_name\" content=\"SLOGI\" \/>\n<meta property=\"article:modified_time\" content=\"2024-09-13T08:02:59+00:00\" \/>\n<meta property=\"og:image\" content=\"https:\/\/www.slogi.si\/wp-content\/uploads\/2024\/01\/Vodstvo-Butina_2.jpg\" \/>\n\t<meta property=\"og:image:width\" content=\"710\" \/>\n\t<meta property=\"og:image:height\" content=\"375\" \/>\n\t<meta property=\"og:image:type\" content=\"image\/jpeg\" \/>\n<meta name=\"twitter:card\" content=\"summary_large_image\" \/>\n<meta name=\"twitter:label1\" content=\"Estimated reading time\" \/>\n\t<meta name=\"twitter:data1\" content=\"1 minute\" \/>\n<script type=\"application\/ld+json\" class=\"yoast-schema-graph\">{\"@context\":\"https:\\\/\\\/schema.org\",\"@graph\":[{\"@type\":\"WebPage\",\"@id\":\"https:\\\/\\\/www.slogi.si\\\/dogodki\\\/javno-vodstvo-milan-butina-scenograf-tvdk_2023-2\\\/\",\"url\":\"https:\\\/\\\/www.slogi.si\\\/dogodki\\\/javno-vodstvo-milan-butina-scenograf-tvdk_2023-2\\\/\",\"name\":\"Javno vodstvo po razstavi Iz na\u0161ih zbirk: Milan Butina, scenograf - SLOGI\",\"isPartOf\":{\"@id\":\"https:\\\/\\\/www.slogi.si\\\/#website\"},\"primaryImageOfPage\":{\"@id\":\"https:\\\/\\\/www.slogi.si\\\/dogodki\\\/javno-vodstvo-milan-butina-scenograf-tvdk_2023-2\\\/#primaryimage\"},\"image\":{\"@id\":\"https:\\\/\\\/www.slogi.si\\\/dogodki\\\/javno-vodstvo-milan-butina-scenograf-tvdk_2023-2\\\/#primaryimage\"},\"thumbnailUrl\":\"https:\\\/\\\/www.slogi.si\\\/wp-content\\\/uploads\\\/2024\\\/01\\\/Vodstvo-Butina_2.jpg\",\"datePublished\":\"2023-11-20T13:34:11+00:00\",\"dateModified\":\"2024-09-13T08:02:59+00:00\",\"breadcrumb\":{\"@id\":\"https:\\\/\\\/www.slogi.si\\\/dogodki\\\/javno-vodstvo-milan-butina-scenograf-tvdk_2023-2\\\/#breadcrumb\"},\"inLanguage\":\"en-GB\",\"potentialAction\":[{\"@type\":\"ReadAction\",\"target\":[\"https:\\\/\\\/www.slogi.si\\\/dogodki\\\/javno-vodstvo-milan-butina-scenograf-tvdk_2023-2\\\/\"]}]},{\"@type\":\"ImageObject\",\"inLanguage\":\"en-GB\",\"@id\":\"https:\\\/\\\/www.slogi.si\\\/dogodki\\\/javno-vodstvo-milan-butina-scenograf-tvdk_2023-2\\\/#primaryimage\",\"url\":\"https:\\\/\\\/www.slogi.si\\\/wp-content\\\/uploads\\\/2024\\\/01\\\/Vodstvo-Butina_2.jpg\",\"contentUrl\":\"https:\\\/\\\/www.slogi.si\\\/wp-content\\\/uploads\\\/2024\\\/01\\\/Vodstvo-Butina_2.jpg\",\"width\":710,\"height\":375},{\"@type\":\"BreadcrumbList\",\"@id\":\"https:\\\/\\\/www.slogi.si\\\/dogodki\\\/javno-vodstvo-milan-butina-scenograf-tvdk_2023-2\\\/#breadcrumb\",\"itemListElement\":[{\"@type\":\"ListItem\",\"position\":1,\"name\":\"Home\",\"item\":\"https:\\\/\\\/www.slogi.si\\\/\"},{\"@type\":\"ListItem\",\"position\":2,\"name\":\"Javno vodstvo po razstavi Iz na\u0161ih zbirk: Milan Butina, scenograf\"}]},{\"@type\":\"WebSite\",\"@id\":\"https:\\\/\\\/www.slogi.si\\\/#website\",\"url\":\"https:\\\/\\\/www.slogi.si\\\/\",\"name\":\"SLOGI\",\"description\":\"Slovenski Gledali\u0161ki In\u0161titut\",\"publisher\":{\"@id\":\"https:\\\/\\\/www.slogi.si\\\/#organization\"},\"alternateName\":\"Slovenski Gledali\u0161ki In\u0161titut\",\"potentialAction\":[{\"@type\":\"SearchAction\",\"target\":{\"@type\":\"EntryPoint\",\"urlTemplate\":\"https:\\\/\\\/www.slogi.si\\\/?s={search_term_string}\"},\"query-input\":{\"@type\":\"PropertyValueSpecification\",\"valueRequired\":true,\"valueName\":\"search_term_string\"}}],\"inLanguage\":\"en-GB\"},{\"@type\":\"Organization\",\"@id\":\"https:\\\/\\\/www.slogi.si\\\/#organization\",\"name\":\"SLOGI\",\"alternateName\":\"Slovenski Gledali\u0161ki In\u0161titut\",\"url\":\"https:\\\/\\\/www.slogi.si\\\/\",\"logo\":{\"@type\":\"ImageObject\",\"inLanguage\":\"en-GB\",\"@id\":\"https:\\\/\\\/www.slogi.si\\\/#\\\/schema\\\/logo\\\/image\\\/\",\"url\":\"https:\\\/\\\/www.slogi.si\\\/wp-content\\\/uploads\\\/2024\\\/01\\\/favicon.svg\",\"contentUrl\":\"https:\\\/\\\/www.slogi.si\\\/wp-content\\\/uploads\\\/2024\\\/01\\\/favicon.svg\",\"width\":100,\"height\":100,\"caption\":\"SLOGI\"},\"image\":{\"@id\":\"https:\\\/\\\/www.slogi.si\\\/#\\\/schema\\\/logo\\\/image\\\/\"}}]}<\/script>\n<!-- \/ Yoast SEO plugin. -->","yoast_head_json":{"title":"Javno vodstvo po razstavi Iz na\u0161ih zbirk: Milan Butina, scenograf - SLOGI","robots":{"index":"index","follow":"follow","max-snippet":"max-snippet:-1","max-image-preview":"max-image-preview:large","max-video-preview":"max-video-preview:-1"},"canonical":"https:\/\/www.slogi.si\/en\/events\/javno-vodstvo-milan-butina-scenograf-tvdk_2023-2\/","og_locale":"en_GB","og_type":"article","og_title":"Javno vodstvo po razstavi Iz na\u0161ih zbirk: Milan Butina, scenograf - SLOGI","og_description":"Skozi razstavo Iz na\u0161ih zbirk: Milan Butina, scenograf, ki je v Slovenskem gledali\u0161kem in\u0161titutu na ogled kot del praznovanj ob stoti obletnici umetnikovega rojstva, vas bo popeljala avtorica razstave, kustosinja mag. Tea Rogelj.","og_url":"https:\/\/www.slogi.si\/en\/events\/javno-vodstvo-milan-butina-scenograf-tvdk_2023-2\/","og_site_name":"SLOGI","article_modified_time":"2024-09-13T08:02:59+00:00","og_image":[{"width":710,"height":375,"url":"https:\/\/www.slogi.si\/wp-content\/uploads\/2024\/01\/Vodstvo-Butina_2.jpg","type":"image\/jpeg"}],"twitter_card":"summary_large_image","twitter_misc":{"Estimated reading time":"1 minute"},"schema":{"@context":"https:\/\/schema.org","@graph":[{"@type":"WebPage","@id":"https:\/\/www.slogi.si\/dogodki\/javno-vodstvo-milan-butina-scenograf-tvdk_2023-2\/","url":"https:\/\/www.slogi.si\/dogodki\/javno-vodstvo-milan-butina-scenograf-tvdk_2023-2\/","name":"Javno vodstvo po razstavi Iz na\u0161ih zbirk: Milan Butina, scenograf - SLOGI","isPartOf":{"@id":"https:\/\/www.slogi.si\/#website"},"primaryImageOfPage":{"@id":"https:\/\/www.slogi.si\/dogodki\/javno-vodstvo-milan-butina-scenograf-tvdk_2023-2\/#primaryimage"},"image":{"@id":"https:\/\/www.slogi.si\/dogodki\/javno-vodstvo-milan-butina-scenograf-tvdk_2023-2\/#primaryimage"},"thumbnailUrl":"https:\/\/www.slogi.si\/wp-content\/uploads\/2024\/01\/Vodstvo-Butina_2.jpg","datePublished":"2023-11-20T13:34:11+00:00","dateModified":"2024-09-13T08:02:59+00:00","breadcrumb":{"@id":"https:\/\/www.slogi.si\/dogodki\/javno-vodstvo-milan-butina-scenograf-tvdk_2023-2\/#breadcrumb"},"inLanguage":"en-GB","potentialAction":[{"@type":"ReadAction","target":["https:\/\/www.slogi.si\/dogodki\/javno-vodstvo-milan-butina-scenograf-tvdk_2023-2\/"]}]},{"@type":"ImageObject","inLanguage":"en-GB","@id":"https:\/\/www.slogi.si\/dogodki\/javno-vodstvo-milan-butina-scenograf-tvdk_2023-2\/#primaryimage","url":"https:\/\/www.slogi.si\/wp-content\/uploads\/2024\/01\/Vodstvo-Butina_2.jpg","contentUrl":"https:\/\/www.slogi.si\/wp-content\/uploads\/2024\/01\/Vodstvo-Butina_2.jpg","width":710,"height":375},{"@type":"BreadcrumbList","@id":"https:\/\/www.slogi.si\/dogodki\/javno-vodstvo-milan-butina-scenograf-tvdk_2023-2\/#breadcrumb","itemListElement":[{"@type":"ListItem","position":1,"name":"Home","item":"https:\/\/www.slogi.si\/"},{"@type":"ListItem","position":2,"name":"Javno vodstvo po razstavi Iz na\u0161ih zbirk: Milan Butina, scenograf"}]},{"@type":"WebSite","@id":"https:\/\/www.slogi.si\/#website","url":"https:\/\/www.slogi.si\/","name":"SLOGI","description":"Slovenian Theatre Institute","publisher":{"@id":"https:\/\/www.slogi.si\/#organization"},"alternateName":"Slovenski Gledali\u0161ki In\u0161titut","potentialAction":[{"@type":"SearchAction","target":{"@type":"EntryPoint","urlTemplate":"https:\/\/www.slogi.si\/?s={search_term_string}"},"query-input":{"@type":"PropertyValueSpecification","valueRequired":true,"valueName":"search_term_string"}}],"inLanguage":"en-GB"},{"@type":"Organization","@id":"https:\/\/www.slogi.si\/#organization","name":"SLOGI","alternateName":"Slovenski Gledali\u0161ki In\u0161titut","url":"https:\/\/www.slogi.si\/","logo":{"@type":"ImageObject","inLanguage":"en-GB","@id":"https:\/\/www.slogi.si\/#\/schema\/logo\/image\/","url":"https:\/\/www.slogi.si\/wp-content\/uploads\/2024\/01\/favicon.svg","contentUrl":"https:\/\/www.slogi.si\/wp-content\/uploads\/2024\/01\/favicon.svg","width":100,"height":100,"caption":"SLOGI"},"image":{"@id":"https:\/\/www.slogi.si\/#\/schema\/logo\/image\/"}}]}},"_links":{"self":[{"href":"https:\/\/www.slogi.si\/en\/wp-json\/wp\/v2\/dogodki\/11036","targetHints":{"allow":["GET"]}}],"collection":[{"href":"https:\/\/www.slogi.si\/en\/wp-json\/wp\/v2\/dogodki"}],"about":[{"href":"https:\/\/www.slogi.si\/en\/wp-json\/wp\/v2\/types\/dogodki"}],"wp:featuredmedia":[{"embeddable":true,"href":"https:\/\/www.slogi.si\/en\/wp-json\/wp\/v2\/media\/11054"}],"wp:attachment":[{"href":"https:\/\/www.slogi.si\/en\/wp-json\/wp\/v2\/media?parent=11036"}],"wp:term":[{"taxonomy":"category","embeddable":true,"href":"https:\/\/www.slogi.si\/en\/wp-json\/wp\/v2\/categories?post=11036"},{"taxonomy":"post_tag","embeddable":true,"href":"https:\/\/www.slogi.si\/en\/wp-json\/wp\/v2\/tags?post=11036"},{"taxonomy":"izpostavljamo","embeddable":true,"href":"https:\/\/www.slogi.si\/en\/wp-json\/wp\/v2\/izpostavljamo?post=11036"},{"taxonomy":"letnik","embeddable":true,"href":"https:\/\/www.slogi.si\/en\/wp-json\/wp\/v2\/letnik?post=11036"},{"taxonomy":"tip","embeddable":true,"href":"https:\/\/www.slogi.si\/en\/wp-json\/wp\/v2\/tip?post=11036"},{"taxonomy":"vrsta-razstave","embeddable":true,"href":"https:\/\/www.slogi.si\/en\/wp-json\/wp\/v2\/vrsta-razstave?post=11036"}],"curies":[{"name":"wp","href":"https:\/\/api.w.org\/{rel}","templated":true}]}}

Javno vodstvo po razstavi Iz naših zbirk: Milan Butina, scenograf

<p>V Slovenskem gledališkem inštitutu je <strong>kot del praznovanj ob stoti obletnici umetnikovega rojstva</strong> do 29. decembra 2023 na ogled razstava <strong><em>From our collections: Milan Butina, scenographer</em></strong>.</p>
<p>Milan Butina velja za utemeljitelja likovne teorije na Slovenskem, vendar ni deloval »le« kot slikar in likovni teoretik, temveč je bil tudi gledališki človek. Kot scenograf (in pogosto tudi kostumograf) je soustvaril več kot devetdeset uprizoritev. Razstava v Slovenskem gledališkem inštitutu se osredotoča na umetnikov scenografski opus. Na njej razstavljamo <strong>a selection of sketches from the period between 1951 and 1967</strong>, ki predstavljajo scenografske zasnove <strong>za štiriindvajset uprizoritev</strong> – sedemnajst je bilo postavljenih v Mestnem gledališču ljubljanskem, po ena v Celju, Trstu in Kranju, štiri so ostale nerealizirane.</p>
<p>Skozi razstavo vas bo popeljala avtorica razstave, kustosinja <strong>Tea Rogelj, MA</strong>.</p>
<p><a href="https://www.slogi.si/en/events/from-our-collections-milan-butina-set-designer-temporary-exhibition/" target="_blank" rel="noopener">More about the exhibition &gt;&gt;</a></p>
<p>Vodstvo pripravljamo v okviru pobude <em>This happy day of culture</em> – <strong>vstop prost</strong>!</p>
<p>You are cordially invited!</p>
<p><img decoding="async" class="aligncenter size-medium wp-image-30033" src="https://www.slogi.si/wp-content/uploads/2024/01/TA-VESELI-DAN_fb-page-cover-image-02_ametist-300x111-1.png" alt="" width="300" height="111" /></p>
<p>&nbsp;</p>

<p>Skozi razstavo Iz naših zbirk: Milan Butina, scenograf, ki je v Slovenskem gledališkem inštitutu na ogled kot del praznovanj ob stoti obletnici umetnikovega rojstva, vas bo popeljala avtorica razstave, kustosinja mag. Tea Rogelj.</p>

<!-- This site is optimized with the Yoast SEO plugin v27.5 - https://yoast.com/product/yoast-seo-wordpress/ -->
<title>Javno vodstvo po razstavi Iz naših zbirk: Milan Butina, scenograf - SLOGI</title>
<meta name="robots" content="index, follow, max-snippet:-1, max-image-preview:large, max-video-preview:-1" />
<link rel="canonical" href="https://www.slogi.si/en/events/javno-vodstvo-milan-butina-scenograf-tvdk_2023-2/" />
<meta property="og:locale" content="en_GB" />
<meta property="og:type" content="article" />
<meta property="og:title" content="Javno vodstvo po razstavi Iz naših zbirk: Milan Butina, scenograf - SLOGI" />
<meta property="og:description" content="Skozi razstavo Iz naših zbirk: Milan Butina, scenograf, ki je v Slovenskem gledališkem inštitutu na ogled kot del praznovanj ob stoti obletnici umetnikovega rojstva, vas bo popeljala avtorica razstave, kustosinja mag. Tea Rogelj." />
<meta property="og:url" content="https://www.slogi.si/en/events/javno-vodstvo-milan-butina-scenograf-tvdk_2023-2/" />
<meta property="og:site_name" content="SLOGI" />
<meta property="article:modified_time" content="2024-09-13T08:02:59+00:00" />
<meta property="og:image" content="https://www.slogi.si/wp-content/uploads/2024/01/Vodstvo-Butina_2.jpg" />
	<meta property="og:image:width" content="710" />
	<meta property="og:image:height" content="375" />
	<meta property="og:image:type" content="image/jpeg" />
<meta name="twitter:card" content="summary_large_image" />
<meta name="twitter:label1" content="Estimated reading time" />
	<meta name="twitter:data1" content="1 minute" />
<script type="application/ld+json" class="yoast-schema-graph">{"@context":"https:\/\/schema.org","@graph":[{"@type":"WebPage","@id":"https:\/\/www.slogi.si\/dogodki\/javno-vodstvo-milan-butina-scenograf-tvdk_2023-2\/","url":"https:\/\/www.slogi.si\/dogodki\/javno-vodstvo-milan-butina-scenograf-tvdk_2023-2\/","name":"Javno vodstvo po razstavi Iz naših zbirk: Milan Butina, scenograf - SLOGI","isPartOf":{"@id":"https:\/\/www.slogi.si\/#website"},"primaryImageOfPage":{"@id":"https:\/\/www.slogi.si\/dogodki\/javno-vodstvo-milan-butina-scenograf-tvdk_2023-2\/#primaryimage"},"image":{"@id":"https:\/\/www.slogi.si\/dogodki\/javno-vodstvo-milan-butina-scenograf-tvdk_2023-2\/#primaryimage"},"thumbnailUrl":"https:\/\/www.slogi.si\/wp-content\/uploads\/2024\/01\/Vodstvo-Butina_2.jpg","datePublished":"2023-11-20T13:34:11+00:00","dateModified":"2024-09-13T08:02:59+00:00","breadcrumb":{"@id":"https:\/\/www.slogi.si\/dogodki\/javno-vodstvo-milan-butina-scenograf-tvdk_2023-2\/#breadcrumb"},"inLanguage":"en-GB","potentialAction":[{"@type":"ReadAction","target":["https:\/\/www.slogi.si\/dogodki\/javno-vodstvo-milan-butina-scenograf-tvdk_2023-2\/"]}]},{"@type":"ImageObject","inLanguage":"en-GB","@id":"https:\/\/www.slogi.si\/dogodki\/javno-vodstvo-milan-butina-scenograf-tvdk_2023-2\/#primaryimage","url":"https:\/\/www.slogi.si\/wp-content\/uploads\/2024\/01\/Vodstvo-Butina_2.jpg","contentUrl":"https:\/\/www.slogi.si\/wp-content\/uploads\/2024\/01\/Vodstvo-Butina_2.jpg","width":710,"height":375},{"@type":"BreadcrumbList","@id":"https:\/\/www.slogi.si\/dogodki\/javno-vodstvo-milan-butina-scenograf-tvdk_2023-2\/#breadcrumb","itemListElement":[{"@type":"ListItem","position":1,"name":"Home","item":"https:\/\/www.slogi.si\/"},{"@type":"ListItem","position":2,"name":"Javno vodstvo po razstavi Iz naših zbirk: Milan Butina, scenograf"}]},{"@type":"WebSite","@id":"https:\/\/www.slogi.si\/#website","url":"https:\/\/www.slogi.si\/","name":"SLOGI","description":"Slovenski Gledališki Inštitut","publisher":{"@id":"https:\/\/www.slogi.si\/#organization"},"alternateName":"Slovenski Gledališki Inštitut","potentialAction":[{"@type":"SearchAction","target":{"@type":"EntryPoint","urlTemplate":"https:\/\/www.slogi.si\/?s={search_term_string}"},"query-input":{"@type":"PropertyValueSpecification","valueRequired":true,"valueName":"search_term_string"}}],"inLanguage":"en-GB"},{"@type":"Organization","@id":"https:\/\/www.slogi.si\/#organization","name":"SLOGI","alternateName":"Slovenski Gledališki Inštitut","url":"https:\/\/www.slogi.si\/","logo":{"@type":"ImageObject","inLanguage":"en-GB","@id":"https:\/\/www.slogi.si\/#\/schema\/logo\/image\/","url":"https:\/\/www.slogi.si\/wp-content\/uploads\/2024\/01\/favicon.svg","contentUrl":"https:\/\/www.slogi.si\/wp-content\/uploads\/2024\/01\/favicon.svg","width":100,"height":100,"caption":"SLOGI"},"image":{"@id":"https:\/\/www.slogi.si\/#\/schema\/logo\/image\/"}}]}</script>
<!-- / Yoast SEO plugin. -->

Javno vodstvo po razstavi Iz naših zbirk: Milan Butina, scenograf - SLOGI

Skozi razstavo Iz naših zbirk: Milan Butina, scenograf, ki je v Slovenskem gledališkem inštitutu na ogled kot del praznovanj ob stoti obletnici umetnikovega rojstva, vas bo popeljala avtorica razstave, kustosinja mag. Tea Rogelj.

Slovenski Gledališki Inštitut
